e factors of (-47865)/(-165) - 1/11.
2, 5, 29
Let b be (-18)/(-5)*(-40)/(-6). List the prime factors of (6/5)/(b/1380).
3, 23
Let g be 1/5 + (-9262)/110. Let n = g - -150. List the prime factors of n.
2, 3, 11
What are the prime factors of (0 - -2)*(11 - (-125 - 8))?
2, 3
Let b(h) = h**3 - 3*h**2 - h + 5. Let m(t) = -t**3 - 2*t**2 + 3*t + 3. Let p be m(-3). What are the prime factors of b(p)?
2
Suppose u = 4*k - 6065, -4*u - 1631 + 9186 = 5*k. Let l be (4/(-6))/(10/k). Let a = l + 149. List the prime factors of a.
2, 3
Let l(x) = -x**2 - 11*x + 4. Let w be l(-11). Suppose 2*t = -10, w*z = 5*z + t - 83. Suppose -g = 1, -5*o - g = -z - 11. List the prime factors of o.
2, 5
Let n(h) = h + 8. Let b be n(6). Suppose 2*f - f - b = 0. Suppose 6 + f = 2*p. What are the prime factors of p?
2, 5
Let p = 721 - 371. List the prime factors of p.
2, 5, 7
Let u(v) = -v**3 + 8*v**2 - 4*v + 9. Let i be u(8). Let w = i - -21. What are the prime factors of ((-6)/w)/((-1)/(-21))?
3, 7
Let i = -6 + 22. Suppose -4*n + 64 = i. Suppose 2*j - n = -0*j. What are the prime factors of j?
2, 3
Suppose 545 = 6*x - x + 5*c, -x + 3*c + 117 = 0. Let g = x - 79. What are the prime factors of g?
2
Let s(d) = -23*d + 4. What are the prime factors of s(-4)?
2, 3
Let o = 12 - -22. Let l = -26 - o. What are the prime factors of (32/(-12) + 2)*l?
2, 5
Let u(s) = -s**3 + 5*s**2 - 4*s + 2. Let j be u(4). Suppose 94 = j*t + 28. List the prime factors of t.
3, 11
Let t(q) = q**2 - 3*q - 16. Let h be t(5). List the prime factors of (-3)/(117/h) + 5526/78.
71
Suppose -2*h = 2*r - 32, 0 = -r - 0*r + 4*h + 41. What are the prime factors of (90/r)/5*14?
2, 3
Suppose 11*v - 12*v = 0. Suppose 0 = -3*t - 5*m + 7, v*m - 2*m = 2. Let r = 2 + t. List the prime factors of r.
2, 3
List the prime factors of ((-3350)/(-6))/((-20)/(-120)).
2, 5, 67
Let c be (-616)/48 + (-2)/12. Let l = c + 17. Suppose l*d = 3*u - 55, 2*u + 2*u - 73 = 5*d. List the prime factors of u.
17
Let x be (4 - (-980)/(-12)) + 2/(-6). Let k be 4/10 + (-12)/5. List the prime factors of (k/4)/(3/x).
13
Let k be 20/8*(-3 + 46/10). Suppose -o + k = -5. What are the prime factors of o?
3
Let w be -2 - -2*12/8. What are the prime factors of (-1 - w)/((-23)/851)?
2, 37
Let y(w) = w**3 + 16*w**2 + 14*w + 81. List the prime factors of y(-15).
2, 3
Let v = 6 + -2. Suppose -62*f + 56*f + 750 = 0. Suppose 5*w + 5*n = f, v*w = n + 31 + 89. List the prime factors of w.
29
Suppose 3*s + 2*s + 34 = a, -2*a = -4*s - 32. What are the prime factors of s + (0 - -2) - (-207 + -5)?
2, 13
What are the prime factors of ((-2 + -2)/(-4))/((-5)/(-705))?
3, 47
Suppose -7 = -5*v - 2, -2*m - 4*v = -1372. Suppose 2*x = m - 56. What are the prime factors of x?
2, 157
Let g(i) = 8*i**3 - i**2 + 3*i. Let d(y) = 3*y**2 - y - 4. Let x be d(-3). Let s = 28 - x. What are the prime factors of g(s)?
2, 3, 11
Let o(b) = b**3 - 5*b**2 + 5*b + 3. Let u be o(4). Suppose -u*z + 10*z = 114. List the prime factors of z.
2, 19
Suppose -3*j + 6*j - 2592 = 0. List the prime factors of j.
2, 3
Let j(a) = 1929*a**2 + 2*a + 4. What are the prime factors of j(1)?
3, 5, 43
Let t(p) = -2*p**2 + 15*p - 15. Let l be t(6). Suppose -q + 20 = -6*q, 4*f - 156 = -l*q. What are the prime factors of f?
2, 3, 7
Let n(w) = 123*w**2 - 20*w + 10. List the prime factors of n(-5).
5, 7, 13
List the prime factors of (-1)/(1/195)*84/(-15).
2, 3, 7, 13
What are the prime factors of (6*(-78)/(-8))/((-39)/(-104))?
2, 3, 13
Let c = -318 - -566. Suppose 14*v + c = 4322. What are the prime factors of v?
3, 97
Let n = 861 - 378. List the prime factors of n.
3, 7, 23
Let o(x) = 7*x - 19. Let v be o(6). Let y = 79 + v. List the prime factors of y.
2, 3, 17
Let u(q) = 14*q**2 + 16*q - 5. Let w be u(4). Let j = w + -202. What are the prime factors of j?
3
Let u(t) = -t**2 - 8*t + 4. Let p be u(-8). Suppose 0 = -4*y - 0*y - r + 942, -2*y = p*r - 478. List the prime factors of y.
5, 47
Let d(q) = 35*q - 66. List the prime factors of d(16).
2, 13, 19
Let g(z) be the third derivative of -z**6/120 + z**5/5 + 7*z**4/8 - 11*z**3/3 - 19*z**2. List the prime factors of g(13).
2, 41
Let q be 18/15*20/3. Let s(r) = r**3 - 7*r**2 + r - 1. List the prime factors of s(q).
71
Suppose -3203 = -5*s + 3957. List the prime factors of s.
2, 179
Let p(g) = 4*g**2 - 3*g. Let k be p(6). Suppose -3*d + k = 2*y + d, -y = d - 63. Suppose 0 = -3*l - 5*j + 100, -3*l + j = -7 - y. List the prime factors of l.
5
Let k = -143 - -309. Suppose -4*h + 2*h = -k. What are the prime factors of h?
83
Let s(k) = k**3 - 5*k**2 - 6*k - 3. Let m be s(6). List the prime factors of -6*(-274)/m*1/(-4).
137
Let k = 503 + 679. List the prime factors of k.
2, 3, 197
Suppose -5*r + 1429 = 509. Let l = -130 + r. What are the prime factors of l?
2, 3
Suppose 22 = 2*z - 16. Let q = 23 - z. Suppose -q*a - 27 - 6 = -j, 0 = 2*j + 5*a - 66. What are the prime factors of j?
3, 11
Let b(g) = g**3 - g**2 - g + 1. Let l = -18 - -16. Let u be b(l). What are the prime factors of 153/(-6)*12/u?
2, 17
Suppose 1366 + 292 = 2*v - 2*z, 2*v = 5*z + 1643. What are the prime factors of v?
2, 3, 139
Let c(y) = y**3 + 9*y**2 - 8*y + 11. Let m be c(-10). Let w be 6/m - (-98)/21. Suppose -56 = -w*j - 0*j. What are the prime factors of j?
2, 7
Let q(n) = n + 4. Let c be q(0). Suppose 2*d + g - 4*g = 116, c = -2*g. List the prime factors of d.
5, 11
Suppose -14*s = -56*s + 14742. What are the prime factors of s?
3, 13
Suppose 0 = -5*l - 5*h + 295, -3*l + h = -155 - 14. Suppose 0 = 2*p + p. Suppose l = 3*w - p*w. List the prime factors of w.
19
Let p = -16 + 23. Let n = 8 + -4. Let d = p - n. What are the prime factors of d?
3
Suppose n = -4*b + 196, -3*n + 59 + 545 = -4*b. What are the prime factors of (44/(-5))/((-16)/n)?
2, 5, 11
Suppose 2*n = -n + 576. List the prime factors of n.
2, 3
Suppose -4*c - 5*h = 3 - 10, h + 16 = 5*c. Suppose -2*r + r = -c. Suppose -r*k - 17 + 84 = a, k = -2*a + 14. List the prime factors of k.
2, 3
Suppose 2*h + 6*x - 1794 = 2*x, 3*x + 3555 = 4*h. Suppose -w - 2*w = -h. What are the prime factors of w?
3, 11
Let u be (-1)/5 - ((-3436)/5 + -1). Suppose 4*o + 4*o - u = 0. What are the prime factors of o?
2, 43
Suppose 0 = 2*a + 2*w - 756, 2*w = -3*a + w + 1138. What are the prime factors of a?
2, 5, 19
Let y = -2 + -16. Let z be (-4)/y + (-16)/(-9). What are the prime factors of (z + -22)/(0 - 1)?
2, 5
What are the prime factors of 9 + -11 - -57*9?
7, 73
Suppose -2*q + 3 - 19 = 0. Let c = 343 - 339. What are the prime factors of c/((7/q)/(-7))?
2
Let b(p) = -2*p - 6. Let d be b(-6). Suppose q - d*q = 0. Suppose q = a - 3*a + 18. What are the prime factors of a?
3
Let z(a) = 15*a + 4. Let s be z(-12). Let p = s - -285. List the prime factors of p.
109
Let q(d) = -2*d - 10. Let l be q(-5). Suppose l*t = -t. Suppose t = -5*h + 111 + 19. What are the prime factors of h?
2, 13
Suppose 3*p = 2*p + 4. Let l(j) = 9*j + 13. List the prime factors of l(p).
7
Suppose 10 = 2*v - 2*s, -3*v - 15 = 3*s - 0*s. Let l be (-4)/(-14) - (-61)/7. Suppose 6*c - l*c + 126 = v. List the prime factors of c.
2, 3, 7
Suppose 0 = -2*k - k + 264. Suppose -11*q + 378 + 117 = 0. Let z = k - q. What are the prime factors of z?
43
Suppose -251 = -5*v - 5*k - 101, -5*k - 95 = -2*v. Suppose 4*c = 321 + v. List the prime factors of c.
89
List the prime factors of (((-84)/30)/7)/((-5)/500).
2, 5
Let j(r) = r**2 - 12*r + 26. Let b be j(10). Suppose -g - b = -49. List the prime factors of g.
43
Let s be 1/(-1 - 3)*-68. Let t = 328 - s. What are the prime factors of t?
311
Let v = -8 - -9. Let t = 4 + v. Let b(j) = 12*j + 11. What are the prime factors of b(t)?
71
Let l = -697 + 235. What are the prime factors of 8/(-2) - l/3?
2, 3, 5
What are the prime factors of (-6)/(-8)*(8280/(-6))/(-5)?
3, 23
Suppose 0 = 2*p - 3*p. Let a = 3 - p. Let h(i) = 2*i - 3. List the prime factors of h(a).
3
Suppose -6*n + 7*n + 275 = 4*u, 3*n - 15 = 0. List the prime factors of u.
2, 5, 7
Suppose -114 + 1412 = -11*o. Let r = o + 133. What are the prime factors of r?
3, 5
Let j(b) = -b**3 + 4*b**2 - b - 8. List the prime factors of j(-4).
2, 31
Let z = 18 + -11. Suppose -3*f + 4*s - 8 = -z*f, 3*f = -5*s. List the prime factors of f.
5
Suppose 0 = -1065*p + 1070*p - 5330. List the prime factors of p.
2, 13, 41
Supp